{"id":45,"date":"2015-01-13T12:35:25","date_gmt":"2015-01-13T11:35:25","guid":{"rendered":"http:\/\/resest.com\/?page_id=45"},"modified":"2025-12-05T10:42:07","modified_gmt":"2025-12-05T09:42:07","slug":"contactar-allotjament-estudiantil-bellaterra-barcelona","status":"publish","type":"page","link":"https:\/\/resest.com\/ca\/contactar-allotjament-estudiantil-bellaterra-barcelona\/","title":{"rendered":"Contacta amb la Resid\u00e8ncia d&#8217;Estudiants L&#8217;Estaci\u00f3 de Sabadell"},"content":{"rendered":"<div class=\"wpb-content-wrapper\">[vc_row][vc_column]<style>.vcex-heading.vcex_69f0a96edb9fc{font-size:36px;text-transform:uppercase;}<\/style><h1 class=\"vcex-heading vcex-heading-plain vcex-module wpex-heading wpex-text-2xl wpex-mb-25 vcex_69f0a96edb9fc\"><span class=\"vcex-heading-inner wpex-inline-block\">Contacta amb la Resid\u00e8ncia d&#8217;Estudiants L&#8217;Estaci\u00f3 de Sabadell<\/span><\/h1>[vc_column_text css=&#8221;&#8221;]Vols con\u00e8ixer la <strong>Resid\u00e8ncia d&#8217;Estudiants L&#8217;Estaci\u00f3 de Sabadell<\/strong> sense despla\u00e7ar-te? T&#8217;oferim una <strong>visita personalitzada en directe<\/strong> perqu\u00e8 descobreixis les nostres instal\u00b7lacions des de casa.[\/vc_column_text][vc_column_text css=&#8221;&#8221;]Demana <strong>tota la informaci\u00f3 que necessitis<\/strong>. Podem trucar en l&#8217;horari que prefereixes o, si ho desitges, pots <strong>contactar-nos directament<\/strong> en el nostre horari d&#8217;oficina.<\/p>\n<p><strong>Escriu-vos i agenda la teva visita avui mateix!<\/strong>[\/vc_column_text][\/vc_column][\/vc_row][vc_row][vc_column width=&#8221;2\/3&#8243;][vc_raw_html]JTNDaWZyYW1lJTIwZnJhbWVib3JkZXIlM0QlMjIwJTIyJTIwc3R5bGUlM0QlMjJoZWlnaHQlM0E5MDBweCUzQndpZHRoJTNBOTklMjUlM0Jib3JkZXIlM0Fub25lJTNCJTIyJTIwc3JjJTNEJTIyaHR0cHMlM0ElMkYlMkZmb3Jtcy56b2hvcHVibGljLmV1JTJGcmVzZXN0JTJGZm9ybSUyRkNvbnRhY3RGb3JtJTJGZm9ybXBlcm1hJTJGZTEwS3FaVVhoTy1zOWxMRGRoOGJ1S3BFTVJfcDl5UkJtOXA0Xy1JZjhsOCUyMiUzRSUzQyUyRmlmcmFtZSUzRQ==[\/vc_raw_html][\/vc_column][vc_column width=&#8221;1\/3&#8243;][vc_column_text css=&#8221;&#8221; el_class=&#8221;normal-text&#8221;]\n<h2><strong>Horaris<\/strong><\/h2>\n<p>Dilluns a divendres de 8:30h a 13:30h.<br \/>\n<a href=\"tel:+34937261348\">+34 937 274 866<\/a><br \/>\n<a href=\"mailto:info@resest.com\">info@resest.com<\/a>[\/vc_column_text][vc_button title=&#8221;Sol\u00b7licita Pla\u00e7a&#8221; color=&#8221;btn-inverse&#8221; size=&#8221;btn-large&#8221; href=&#8221;https:\/\/resest.com\/ca\/sollicitud-de-placa-residencia-estudiants-bellatera-barcelona\/&#8221;][\/vc_column][\/vc_row][vc_row disable_element=&#8221;yes&#8221;][vc_column width=&#8221;2\/3&#8243;][vc_column_text]<em>Formulari temporalment no disponible. Podeu contactar-nos a <a href=\"mailto:info@resest.com\">info@resest.com<\/a><\/em>[\/vc_column_text][\/vc_column][vc_column width=&#8221;1\/3&#8243;][vc_column_text el_class=&#8221;normal-text&#8221;]\n<h2><strong>Horaris<\/strong><\/h2>\n<p>Dilluns a divendres de 9h a 13h i de 16h a 19h<br \/>\n<a href=\"tel:+34937261348\">+34 937 274 866<\/a><br \/>\n<a href=\"mailto:info@resest.com\">info@resest.com<\/a>[\/vc_column_text][vc_button title=&#8221;Sol\u00b7licita Pla\u00e7a&#8221; color=&#8221;btn-inverse&#8221; size=&#8221;btn-large&#8221; href=&#8221;https:\/\/resest.com\/ca\/sollicitud-de-placa-residencia-estudiants-bellatera-barcelona\/&#8221;][\/vc_column][\/vc_row]\n<\/div>","protected":false},"excerpt":{"rendered":"<p>[vc_row][vc_column][vc_column_text css=&#8221;&#8221;]Vols con\u00e8ixer la Resid\u00e8ncia d&#8217;Estudiants L&#8217;Estaci\u00f3 de Sabadell sense despla\u00e7ar-te? T&#8217;oferim una visita personalitzada en directe perqu\u00e8 descobreixis les nostres instal\u00b7lacions des de casa.[\/vc_column_text][vc_column_text css=&#8221;&#8221;]Demana tota la informaci\u00f3 que necessitis. Podem trucar en l&#8217;horari que prefereixes o, si ho desitges, pots contactar-nos directament en el nostre horari d&#8217;oficina. Escriu-vos i agenda la teva visita&hellip;<\/p>\n","protected":false},"author":3,"featured_media":0,"parent":0,"menu_order":0,"comment_status":"closed","ping_status":"closed","template":"","meta":{"footnotes":""},"class_list":["post-45","page","type-page","status-publish","hentry","entry","no-media"],"yoast_head":"<!-- This site is optimized with the Yoast SEO plugin v26.4 - https:\/\/yoast.com\/wordpress\/plugins\/seo\/ -->\n<title>Contacta: Resid\u00e8ncia d&#039;Estudiants L&#039;Estaci\u00f3 de Sabadell | Resest<\/title>\n<meta name=\"description\" content=\"Posa&#039;t en contacte amb Resest, la resid\u00e8ncia d&#039;estudiants L&#039;Estaci\u00f3 de Sabadell. Resolem els teus dubtes sobre allotjament a prop de la UAB i Barcelona.\" \/>\n<meta name=\"robots\" content=\"index, follow, max-snippet:-1, max-image-preview:large, max-video-preview:-1\" \/>\n<link rel=\"canonical\" href=\"https:\/\/resest.com\/ca\/contactar-allotjament-estudiantil-bellaterra-barcelona\/\" \/>\n<meta property=\"og:locale\" content=\"ca_ES\" \/>\n<meta property=\"og:type\" content=\"article\" \/>\n<meta property=\"og:title\" content=\"Contacta: Resid\u00e8ncia d&#039;Estudiants L&#039;Estaci\u00f3 de Sabadell | Resest\" \/>\n<meta property=\"og:description\" content=\"Posa&#039;t en contacte amb Resest, la resid\u00e8ncia d&#039;estudiants L&#039;Estaci\u00f3 de Sabadell. Resolem els teus dubtes sobre allotjament a prop de la UAB i Barcelona.\" \/>\n<meta property=\"og:url\" content=\"https:\/\/resest.com\/ca\/contactar-allotjament-estudiantil-bellaterra-barcelona\/\" \/>\n<meta property=\"og:site_name\" content=\"Resid\u00e8ncia d&#039;Estudiants l&#039;Estaci\u00f3 de Sabadell | Resest\" \/>\n<meta property=\"article:modified_time\" content=\"2025-12-05T09:42:07+00:00\" \/>\n<meta name=\"twitter:label1\" content=\"Est. reading time\" \/>\n\t<meta name=\"twitter:data1\" content=\"1 minute\" \/>\n<script type=\"application\/ld+json\" class=\"yoast-schema-graph\">{\"@context\":\"https:\/\/schema.org\",\"@graph\":[{\"@type\":\"WebPage\",\"@id\":\"https:\/\/resest.com\/ca\/contactar-allotjament-estudiantil-bellaterra-barcelona\/\",\"url\":\"https:\/\/resest.com\/ca\/contactar-allotjament-estudiantil-bellaterra-barcelona\/\",\"name\":\"Contacta: Resid\u00e8ncia d'Estudiants L'Estaci\u00f3 de Sabadell | Resest\",\"isPartOf\":{\"@id\":\"https:\/\/resest.com\/ca\/#website\"},\"datePublished\":\"2015-01-13T11:35:25+00:00\",\"dateModified\":\"2025-12-05T09:42:07+00:00\",\"description\":\"Posa't en contacte amb Resest, la resid\u00e8ncia d'estudiants L'Estaci\u00f3 de Sabadell. Resolem els teus dubtes sobre allotjament a prop de la UAB i Barcelona.\",\"breadcrumb\":{\"@id\":\"https:\/\/resest.com\/ca\/contactar-allotjament-estudiantil-bellaterra-barcelona\/#breadcrumb\"},\"inLanguage\":\"ca-ES\",\"potentialAction\":[{\"@type\":\"ReadAction\",\"target\":[\"https:\/\/resest.com\/ca\/contactar-allotjament-estudiantil-bellaterra-barcelona\/\"]}]},{\"@type\":\"BreadcrumbList\",\"@id\":\"https:\/\/resest.com\/ca\/contactar-allotjament-estudiantil-bellaterra-barcelona\/#breadcrumb\",\"itemListElement\":[{\"@type\":\"ListItem\",\"position\":1,\"name\":\"Inici\",\"item\":\"https:\/\/resest.com\/ca\/\"},{\"@type\":\"ListItem\",\"position\":2,\"name\":\"Contacta amb la Resid\u00e8ncia d&#8217;Estudiants L&#8217;Estaci\u00f3 de Sabadell\"}]},{\"@type\":\"WebSite\",\"@id\":\"https:\/\/resest.com\/ca\/#website\",\"url\":\"https:\/\/resest.com\/ca\/\",\"name\":\"Resid\u00e8ncia d&#039;Estudiants l&#039;Estaci\u00f3 de Sabadell | Resest\",\"description\":\"Prop de l\u2019Universitat Aut\u00f2noma de Barcelona (UAB)\",\"publisher\":{\"@id\":\"https:\/\/resest.com\/ca\/#organization\"},\"potentialAction\":[{\"@type\":\"SearchAction\",\"target\":{\"@type\":\"EntryPoint\",\"urlTemplate\":\"https:\/\/resest.com\/ca\/?s={search_term_string}\"},\"query-input\":{\"@type\":\"PropertyValueSpecification\",\"valueRequired\":true,\"valueName\":\"search_term_string\"}}],\"inLanguage\":\"ca-ES\"},{\"@type\":\"Organization\",\"@id\":\"https:\/\/resest.com\/ca\/#organization\",\"name\":\"Resid\u00e8ncia d&#039;Estudiants l&#039;Estaci\u00f3 de Sabadell | Resest\",\"url\":\"https:\/\/resest.com\/ca\/\",\"logo\":{\"@type\":\"ImageObject\",\"inLanguage\":\"ca-ES\",\"@id\":\"https:\/\/resest.com\/ca\/#\/schema\/logo\/image\/\",\"url\":\"https:\/\/resest.com\/wp-content\/uploads\/2024\/03\/Facana-1.jpg\",\"contentUrl\":\"https:\/\/resest.com\/wp-content\/uploads\/2024\/03\/Facana-1.jpg\",\"width\":1200,\"height\":1009,\"caption\":\"Resid\u00e8ncia d&#039;Estudiants l&#039;Estaci\u00f3 de Sabadell | Resest\"},\"image\":{\"@id\":\"https:\/\/resest.com\/ca\/#\/schema\/logo\/image\/\"}}]}<\/script>\n<!-- \/ Yoast SEO plugin. -->","yoast_head_json":{"title":"Contacta: Resid\u00e8ncia d'Estudiants L'Estaci\u00f3 de Sabadell | Resest","description":"Posa't en contacte amb Resest, la resid\u00e8ncia d'estudiants L'Estaci\u00f3 de Sabadell. Resolem els teus dubtes sobre allotjament a prop de la UAB i Barcelona.","robots":{"index":"index","follow":"follow","max-snippet":"max-snippet:-1","max-image-preview":"max-image-preview:large","max-video-preview":"max-video-preview:-1"},"canonical":"https:\/\/resest.com\/ca\/contactar-allotjament-estudiantil-bellaterra-barcelona\/","og_locale":"ca_ES","og_type":"article","og_title":"Contacta: Resid\u00e8ncia d'Estudiants L'Estaci\u00f3 de Sabadell | Resest","og_description":"Posa't en contacte amb Resest, la resid\u00e8ncia d'estudiants L'Estaci\u00f3 de Sabadell. Resolem els teus dubtes sobre allotjament a prop de la UAB i Barcelona.","og_url":"https:\/\/resest.com\/ca\/contactar-allotjament-estudiantil-bellaterra-barcelona\/","og_site_name":"Resid\u00e8ncia d&#039;Estudiants l&#039;Estaci\u00f3 de Sabadell | Resest","article_modified_time":"2025-12-05T09:42:07+00:00","twitter_misc":{"Est. reading time":"1 minute"},"schema":{"@context":"https:\/\/schema.org","@graph":[{"@type":"WebPage","@id":"https:\/\/resest.com\/ca\/contactar-allotjament-estudiantil-bellaterra-barcelona\/","url":"https:\/\/resest.com\/ca\/contactar-allotjament-estudiantil-bellaterra-barcelona\/","name":"Contacta: Resid\u00e8ncia d'Estudiants L'Estaci\u00f3 de Sabadell | Resest","isPartOf":{"@id":"https:\/\/resest.com\/ca\/#website"},"datePublished":"2015-01-13T11:35:25+00:00","dateModified":"2025-12-05T09:42:07+00:00","description":"Posa't en contacte amb Resest, la resid\u00e8ncia d'estudiants L'Estaci\u00f3 de Sabadell. Resolem els teus dubtes sobre allotjament a prop de la UAB i Barcelona.","breadcrumb":{"@id":"https:\/\/resest.com\/ca\/contactar-allotjament-estudiantil-bellaterra-barcelona\/#breadcrumb"},"inLanguage":"ca-ES","potentialAction":[{"@type":"ReadAction","target":["https:\/\/resest.com\/ca\/contactar-allotjament-estudiantil-bellaterra-barcelona\/"]}]},{"@type":"BreadcrumbList","@id":"https:\/\/resest.com\/ca\/contactar-allotjament-estudiantil-bellaterra-barcelona\/#breadcrumb","itemListElement":[{"@type":"ListItem","position":1,"name":"Inici","item":"https:\/\/resest.com\/ca\/"},{"@type":"ListItem","position":2,"name":"Contacta amb la Resid\u00e8ncia d&#8217;Estudiants L&#8217;Estaci\u00f3 de Sabadell"}]},{"@type":"WebSite","@id":"https:\/\/resest.com\/ca\/#website","url":"https:\/\/resest.com\/ca\/","name":"Resid\u00e8ncia d&#039;Estudiants l&#039;Estaci\u00f3 de Sabadell | Resest","description":"Prop de l\u2019Universitat Aut\u00f2noma de Barcelona (UAB)","publisher":{"@id":"https:\/\/resest.com\/ca\/#organization"},"potentialAction":[{"@type":"SearchAction","target":{"@type":"EntryPoint","urlTemplate":"https:\/\/resest.com\/ca\/?s={search_term_string}"},"query-input":{"@type":"PropertyValueSpecification","valueRequired":true,"valueName":"search_term_string"}}],"inLanguage":"ca-ES"},{"@type":"Organization","@id":"https:\/\/resest.com\/ca\/#organization","name":"Resid\u00e8ncia d&#039;Estudiants l&#039;Estaci\u00f3 de Sabadell | Resest","url":"https:\/\/resest.com\/ca\/","logo":{"@type":"ImageObject","inLanguage":"ca-ES","@id":"https:\/\/resest.com\/ca\/#\/schema\/logo\/image\/","url":"https:\/\/resest.com\/wp-content\/uploads\/2024\/03\/Facana-1.jpg","contentUrl":"https:\/\/resest.com\/wp-content\/uploads\/2024\/03\/Facana-1.jpg","width":1200,"height":1009,"caption":"Resid\u00e8ncia d&#039;Estudiants l&#039;Estaci\u00f3 de Sabadell | Resest"},"image":{"@id":"https:\/\/resest.com\/ca\/#\/schema\/logo\/image\/"}}]}},"_links":{"self":[{"href":"https:\/\/resest.com\/ca\/wp-json\/wp\/v2\/pages\/45","targetHints":{"allow":["GET"]}}],"collection":[{"href":"https:\/\/resest.com\/ca\/wp-json\/wp\/v2\/pages"}],"about":[{"href":"https:\/\/resest.com\/ca\/wp-json\/wp\/v2\/types\/page"}],"author":[{"embeddable":true,"href":"https:\/\/resest.com\/ca\/wp-json\/wp\/v2\/users\/3"}],"replies":[{"embeddable":true,"href":"https:\/\/resest.com\/ca\/wp-json\/wp\/v2\/comments?post=45"}],"version-history":[{"count":2,"href":"https:\/\/resest.com\/ca\/wp-json\/wp\/v2\/pages\/45\/revisions"}],"predecessor-version":[{"id":12286,"href":"https:\/\/resest.com\/ca\/wp-json\/wp\/v2\/pages\/45\/revisions\/12286"}],"wp:attachment":[{"href":"https:\/\/resest.com\/ca\/wp-json\/wp\/v2\/media?parent=45"}],"curies":[{"name":"wp","href":"https:\/\/api.w.org\/{rel}","templated":true}]}}

Contacta amb la Residència d&#8217;Estudiants L&#8217;Estació de Sabadell

<div class="wpb-content-wrapper">[vc_row][vc_column]<style>.vcex-heading.vcex_69f0a96edb9fc{font-size:36px;text-transform:uppercase;}</style><h1 class="vcex-heading vcex-heading-plain vcex-module wpex-heading wpex-text-2xl wpex-mb-25 vcex_69f0a96edb9fc"><span class="vcex-heading-inner wpex-inline-block">Contacta amb la Residència d&#8217;Estudiants L&#8217;Estació de Sabadell</span></h1>[vc_column_text css=&#8221;&#8221;]Vols conèixer la <strong>Residència d&#8217;Estudiants L&#8217;Estació de Sabadell</strong> sense desplaçar-te? T&#8217;oferim una <strong>visita personalitzada en directe</strong> perquè descobreixis les nostres instal·lacions des de casa.[/vc_column_text][vc_column_text css=&#8221;&#8221;]Demana <strong>tota la informació que necessitis</strong>. Podem trucar en l&#8217;horari que prefereixes o, si ho desitges, pots <strong>contactar-nos directament</strong> en el nostre horari d&#8217;oficina.</p>
<p><strong>Escriu-vos i agenda la teva visita avui mateix!</strong>[/vc_column_text][/vc_column][/vc_row][vc_row][vc_column width=&#8221;2/3&#8243;][vc_raw_html]JTNDaWZyYW1lJTIwZnJhbWVib3JkZXIlM0QlMjIwJTIyJTIwc3R5bGUlM0QlMjJoZWlnaHQlM0E5MDBweCUzQndpZHRoJTNBOTklMjUlM0Jib3JkZXIlM0Fub25lJTNCJTIyJTIwc3JjJTNEJTIyaHR0cHMlM0ElMkYlMkZmb3Jtcy56b2hvcHVibGljLmV1JTJGcmVzZXN0JTJGZm9ybSUyRkNvbnRhY3RGb3JtJTJGZm9ybXBlcm1hJTJGZTEwS3FaVVhoTy1zOWxMRGRoOGJ1S3BFTVJfcDl5UkJtOXA0Xy1JZjhsOCUyMiUzRSUzQyUyRmlmcmFtZSUzRQ==[/vc_raw_html][/vc_column][vc_column width=&#8221;1/3&#8243;][vc_column_text css=&#8221;&#8221; el_class=&#8221;normal-text&#8221;]
<h2><strong>Horaris</strong></h2>
<p>Dilluns a divendres de 8:30h a 13:30h.<br />
<a href="tel:+34937261348">+34 937 274 866</a><br />
<a href="mailto:info@resest.com">info@resest.com</a>[/vc_column_text][vc_button title=&#8221;Sol·licita Plaça&#8221; color=&#8221;btn-inverse&#8221; size=&#8221;btn-large&#8221; href=&#8221;https://resest.com/ca/sollicitud-de-placa-residencia-estudiants-bellatera-barcelona/&#8221;][/vc_column][/vc_row][vc_row disable_element=&#8221;yes&#8221;][vc_column width=&#8221;2/3&#8243;][vc_column_text]<em>Formulari temporalment no disponible. Podeu contactar-nos a <a href="mailto:info@resest.com">info@resest.com</a></em>[/vc_column_text][/vc_column][vc_column width=&#8221;1/3&#8243;][vc_column_text el_class=&#8221;normal-text&#8221;]
<h2><strong>Horaris</strong></h2>
<p>Dilluns a divendres de 9h a 13h i de 16h a 19h<br />
<a href="tel:+34937261348">+34 937 274 866</a><br />
<a href="mailto:info@resest.com">info@resest.com</a>[/vc_column_text][vc_button title=&#8221;Sol·licita Plaça&#8221; color=&#8221;btn-inverse&#8221; size=&#8221;btn-large&#8221; href=&#8221;https://resest.com/ca/sollicitud-de-placa-residencia-estudiants-bellatera-barcelona/&#8221;][/vc_column][/vc_row]
</div>

<p>[vc_row][vc_column][vc_column_text css=&#8221;&#8221;]Vols conèixer la Residència d&#8217;Estudiants L&#8217;Estació de Sabadell sense desplaçar-te? T&#8217;oferim una visita personalitzada en directe perquè descobreixis les nostres instal·lacions des de casa.[/vc_column_text][vc_column_text css=&#8221;&#8221;]Demana tota la informació que necessitis. Podem trucar en l&#8217;horari que prefereixes o, si ho desitges, pots contactar-nos directament en el nostre horari d&#8217;oficina. Escriu-vos i agenda la teva visita&hellip;</p>

<!-- This site is optimized with the Yoast SEO plugin v26.4 - https://yoast.com/wordpress/plugins/seo/ -->
<title>Contacta: Residència d&#039;Estudiants L&#039;Estació de Sabadell | Resest</title>
<meta name="description" content="Posa&#039;t en contacte amb Resest, la residència d&#039;estudiants L&#039;Estació de Sabadell. Resolem els teus dubtes sobre allotjament a prop de la UAB i Barcelona." />
<meta name="robots" content="index, follow, max-snippet:-1, max-image-preview:large, max-video-preview:-1" />
<link rel="canonical" href="https://resest.com/ca/contactar-allotjament-estudiantil-bellaterra-barcelona/" />
<meta property="og:locale" content="ca_ES" />
<meta property="og:type" content="article" />
<meta property="og:title" content="Contacta: Residència d&#039;Estudiants L&#039;Estació de Sabadell | Resest" />
<meta property="og:description" content="Posa&#039;t en contacte amb Resest, la residència d&#039;estudiants L&#039;Estació de Sabadell. Resolem els teus dubtes sobre allotjament a prop de la UAB i Barcelona." />
<meta property="og:url" content="https://resest.com/ca/contactar-allotjament-estudiantil-bellaterra-barcelona/" />
<meta property="og:site_name" content="Residència d&#039;Estudiants l&#039;Estació de Sabadell | Resest" />
<meta property="article:modified_time" content="2025-12-05T09:42:07+00:00" />
<meta name="twitter:label1" content="Est. reading time" />
	<meta name="twitter:data1" content="1 minute" />
<script type="application/ld+json" class="yoast-schema-graph">{"@context":"https://schema.org","@graph":[{"@type":"WebPage","@id":"https://resest.com/ca/contactar-allotjament-estudiantil-bellaterra-barcelona/","url":"https://resest.com/ca/contactar-allotjament-estudiantil-bellaterra-barcelona/","name":"Contacta: Residència d'Estudiants L'Estació de Sabadell | Resest","isPartOf":{"@id":"https://resest.com/ca/#website"},"datePublished":"2015-01-13T11:35:25+00:00","dateModified":"2025-12-05T09:42:07+00:00","description":"Posa't en contacte amb Resest, la residència d'estudiants L'Estació de Sabadell. Resolem els teus dubtes sobre allotjament a prop de la UAB i Barcelona.","breadcrumb":{"@id":"https://resest.com/ca/contactar-allotjament-estudiantil-bellaterra-barcelona/#breadcrumb"},"inLanguage":"ca-ES","potentialAction":[{"@type":"ReadAction","target":["https://resest.com/ca/contactar-allotjament-estudiantil-bellaterra-barcelona/"]}]},{"@type":"BreadcrumbList","@id":"https://resest.com/ca/contactar-allotjament-estudiantil-bellaterra-barcelona/#breadcrumb","itemListElement":[{"@type":"ListItem","position":1,"name":"Inici","item":"https://resest.com/ca/"},{"@type":"ListItem","position":2,"name":"Contacta amb la Residència d&#8217;Estudiants L&#8217;Estació de Sabadell"}]},{"@type":"WebSite","@id":"https://resest.com/ca/#website","url":"https://resest.com/ca/","name":"Residència d&#039;Estudiants l&#039;Estació de Sabadell | Resest","description":"Prop de l’Universitat Autònoma de Barcelona (UAB)","publisher":{"@id":"https://resest.com/ca/#organization"},"potentialAction":[{"@type":"SearchAction","target":{"@type":"EntryPoint","urlTemplate":"https://resest.com/ca/?s={search_term_string}"},"query-input":{"@type":"PropertyValueSpecification","valueRequired":true,"valueName":"search_term_string"}}],"inLanguage":"ca-ES"},{"@type":"Organization","@id":"https://resest.com/ca/#organization","name":"Residència d&#039;Estudiants l&#039;Estació de Sabadell | Resest","url":"https://resest.com/ca/","logo":{"@type":"ImageObject","inLanguage":"ca-ES","@id":"https://resest.com/ca/#/schema/logo/image/","url":"https://resest.com/wp-content/uploads/2024/03/Facana-1.jpg","contentUrl":"https://resest.com/wp-content/uploads/2024/03/Facana-1.jpg","width":1200,"height":1009,"caption":"Residència d&#039;Estudiants l&#039;Estació de Sabadell | Resest"},"image":{"@id":"https://resest.com/ca/#/schema/logo/image/"}}]}</script>
<!-- / Yoast SEO plugin. -->

Contacta: Residència d'Estudiants L'Estació de Sabadell | Resest

Posa't en contacte amb Resest, la residència d'estudiants L'Estació de Sabadell. Resolem els teus dubtes sobre allotjament a prop de la UAB i Barcelona.

Residència d&#039;Estudiants l&#039;Estació de Sabadell | Resest

Prop de l’Universitat Autònoma de Barcelona (UAB)
