{"version":"1.0","provider_name":"Resid\u00e8ncia d&#039;Estudiants l&#039;Estaci\u00f3 de Sabadell | Resest","provider_url":"https:\/\/resest.com\/ca\/","author_name":"Resest","author_url":"https:\/\/resest.com\/ca\/author\/resest\/","title":"Santa Eul\u00e0lia i Llum BCN 2016 - Resid\u00e8ncia d&#039;Estudiants l&#039;Estaci\u00f3 de Sabadell | Resest","type":"rich","width":600,"height":338,"html":"<blockquote class=\"wp-embedded-content\" data-secret=\"7NsxsO5DFH\"><a href=\"https:\/\/resest.com\/ca\/blog\/santa-eulalia-llum-bcn-2016\/\">Santa Eul\u00e0lia i Llum BCN 2016<\/a><\/blockquote><iframe sandbox=\"allow-scripts\" security=\"restricted\" src=\"https:\/\/resest.com\/ca\/blog\/santa-eulalia-llum-bcn-2016\/embed\/#?secret=7NsxsO5DFH\" width=\"600\" height=\"338\" title=\"&#8220;Santa Eul\u00e0lia i Llum BCN 2016&#8221; &#8212; Resid\u00e8ncia d&#039;Estudiants l&#039;Estaci\u00f3 de Sabadell | Resest\" data-secret=\"7NsxsO5DFH\" frameborder=\"0\" marginwidth=\"0\" marginheight=\"0\" scrolling=\"no\" class=\"wp-embedded-content\"><\/iframe><script>\n\/*! This file is auto-generated *\/\n!function(d,l){\"use strict\";l.querySelector&&d.addEventListener&&\"undefined\"!=typeof URL&&(d.wp=d.wp||{},d.wp.receiveEmbedMessage||(d.wp.receiveEmbedMessage=function(e){var t=e.data;if((t||t.secret||t.message||t.value)&&!\/[^a-zA-Z0-9]\/.test(t.secret)){for(var s,r,n,a=l.querySelectorAll('iframe[data-secret=\"'+t.secret+'\"]'),o=l.querySelectorAll('blockquote[data-secret=\"'+t.secret+'\"]'),c=new RegExp(\"^https?:$\",\"i\"),i=0;i<o.length;i++)o[i].style.display=\"none\";for(i=0;i<a.length;i++)s=a[i],e.source===s.contentWindow&&(s.removeAttribute(\"style\"),\"height\"===t.message?(1e3<(r=parseInt(t.value,10))?r=1e3:~~r<200&&(r=200),s.height=r):\"link\"===t.message&&(r=new URL(s.getAttribute(\"src\")),n=new URL(t.value),c.test(n.protocol))&&n.host===r.host&&l.activeElement===s&&(d.top.location.href=t.value))}},d.addEventListener(\"message\",d.wp.receiveEmbedMessage,!1),l.addEventListener(\"DOMContentLoaded\",function(){for(var e,t,s=l.querySelectorAll(\"iframe.wp-embedded-content\"),r=0;r<s.length;r++)(t=(e=s[r]).getAttribute(\"data-secret\"))||(t=Math.random().toString(36).substring(2,12),e.src+=\"#?secret=\"+t,e.setAttribute(\"data-secret\",t)),e.contentWindow.postMessage({message:\"ready\",secret:t},\"*\")},!1)))}(window,document);\n<\/script>\n","description":"Celebraci\u00f3 de Santa Eul\u00e0lia i\u00a0Llum BCN 2016 a la ciutat de Barcelona. Resest, residencia d'estudiants de la zona convida a gaudir d'aquets esdeveniments.","thumbnail_url":"https:\/\/resest.com\/wp-content\/uploads\/2016\/02\/activitat954.jpg"}

Residència d&#039;Estudiants l&#039;Estació de Sabadell | Resest

Santa Eulàlia i Llum BCN 2016 - Residència d&#039;Estudiants l&#039;Estació de Sabadell | Resest

<blockquote class="wp-embedded-content" data-secret="7NsxsO5DFH"><a href="https://resest.com/ca/blog/santa-eulalia-llum-bcn-2016/">Santa Eulàlia i Llum BCN 2016</a></blockquote><iframe sandbox="allow-scripts" security="restricted" src="https://resest.com/ca/blog/santa-eulalia-llum-bcn-2016/embed/#?secret=7NsxsO5DFH" width="600" height="338" title="&#8220;Santa Eulàlia i Llum BCN 2016&#8221; &#8212; Residència d&#039;Estudiants l&#039;Estació de Sabadell | Resest" data-secret="7NsxsO5DFH" frameborder="0" marginwidth="0" marginheight="0" scrolling="no" class="wp-embedded-content"></iframe><script>
/*! This file is auto-generated */
!function(d,l){"use strict";l.querySelector&&d.addEventListener&&"undefined"!=typeof URL&&(d.wp=d.wp||{},d.wp.receiveEmbedMessage||(d.wp.receiveEmbedMessage=function(e){var t=e.data;if((t||t.secret||t.message||t.value)&&!/[^a-zA-Z0-9]/.test(t.secret)){for(var s,r,n,a=l.querySelectorAll('iframe[data-secret="'+t.secret+'"]'),o=l.querySelectorAll('blockquote[data-secret="'+t.secret+'"]'),c=new RegExp("^https?:$","i"),i=0;i<o.length;i++)o[i].style.display="none";for(i=0;i<a.length;i++)s=a[i],e.source===s.contentWindow&&(s.removeAttribute("style"),"height"===t.message?(1e3<(r=parseInt(t.value,10))?r=1e3:~~r<200&&(r=200),s.height=r):"link"===t.message&&(r=new URL(s.getAttribute("src")),n=new URL(t.value),c.test(n.protocol))&&n.host===r.host&&l.activeElement===s&&(d.top.location.href=t.value))}},d.addEventListener("message",d.wp.receiveEmbedMessage,!1),l.addEventListener("DOMContentLoaded",function(){for(var e,t,s=l.querySelectorAll("iframe.wp-embedded-content"),r=0;r<s.length;r++)(t=(e=s[r]).getAttribute("data-secret"))||(t=Math.random().toString(36).substring(2,12),e.src+="#?secret="+t,e.setAttribute("data-secret",t)),e.contentWindow.postMessage({message:"ready",secret:t},"*")},!1)))}(window,document);
</script>

Celebració de Santa Eulàlia i Llum BCN 2016 a la ciutat de Barcelona. Resest, residencia d'estudiants de la zona convida a gaudir d'aquets esdeveniments.
